k - -14837. Is p a composite number?
True
Let w be 9/45 - 769/(-5). Let m(d) = d + w*d**2 - 94 + 91 + 22*d**2. Is m(-2) composite?
True
Let d = 10 + 447. Suppose 5*n = l - 344, -4*n = -4*l + d + 871. Is l composite?
True
Let k(x) = 500*x - 223. Suppose -7*a - 174 = -36*a. Is k(a) a prime number?
True
Let m = -107 + -111. Let q be -2 - (-3)/(3/557). Let p = q + m. Is p a prime number?
True
Suppose d = 9*c - 11*c + 102405, 4*c = d - 102393. Is d a composite number?
True
Suppose 12060446 = 71*c + 5*c - 2*c. Is c composite?
True
Let m(g) = 50*g**2 - 3*g + 9. Let c be ((-3)/2*-2)/((-4)/28). Let f be 28/c*(0 - 3). Is m(f) a prime number?
True
Suppose 2*d + 6 - 20 = 0. Let c = d + 1. Is ((-2)/c)/((-8)/52384) a composite number?
False
Is (109309/843)/(2948/(-2949) - -1) a prime number?
False
Suppose 2*k - 712 = -2*s + 4*s, -1779 = -5*k + 4*s. Let w(a) = a**3 + 10*a**2 - 20*a - 96. Let h be w(-11). Is (-1)/((-1070)/k + h) a prime number?
True
Let q = 130 - 5304. Let g = -1826 - q. Suppose -g = -3*m + 5*d, -d - 3675 = -3*m - 339. Is m a prime number?
False
Let x(k) = 14*k**3 - 3*k - 7. Let y(w) = w**2 - w. Let g(z) = x(z) - 6*y(z). Is g(6) prime?
True
Suppose 11 = 4*c + 5*s - 10, 0 = -c - 4*s + 8. Let b(o) = -1. Let y(f) = -222*f + 22. Let m(l) = -5*b(l) - y(l). Is m(c) prime?
False
Suppose 11*w = 5615316 + 657985 + 1783880. Is w prime?
False
Let x(k) = 105*k**2 + 19*k - 283. Is x(8) a composite number?
True
Let w(n) = 30*n**3 - n**2 - 2*n + 16. Suppose 9*k = 14*k - 35. Is w(k) a composite number?
False
Let f(k) be the first derivative of k**4/4 - 4*k**3/3 + 5*k**2/2 - 4*k + 12. Let m be f(3). Suppose 3*p + 3*c = 1065, 4*c = m*p - 803 + 105. Is p composite?
False
Suppose 2*f + 646 = f. Let a = 448 + f. Let p = -71 - a. Is p a composite number?
False
Let n be 78/13 + (999 - (-1)/1). Suppose -5*a - 2447 = 178. Let p = n + a. Is p prime?
False
Suppose 1291131 = 17*m + 3*m - 7140089. Is m composite?
True
Suppose -51*f + 535832 + 445867 = 0. Is f composite?
False
Suppose 4*v - 6 = -2*o, 3*v + 2*o = -2*v + 10. Suppose -p = 5*f - 2118 - 3968, -12214 = -2*p + v*f. Is p composite?
False
Let f(n) = n**3 - 37*n**2 + 55*n - 283. Is f(44) composite?
True
Suppose -27*h + 3 = -24*h. Let x be 260/(0 - h/(-3)). Suppose 5*k + v - 1350 = -38, 3*k - x = -3*v. Is k a prime number?
True
Suppose 0 = 30*d + 425 - 245. Suppose 0 = x + 5*r - 21, -5*x - r = -0*x + 15. Is (-502)/(-1)*d/x prime?
False
Suppose -3*o = -10*o - 784. Let w be -80*(0 + o/(-10)). Let u = 1575 + w. Is u prime?
False
Let p(w) = 8*w**2 + w + 1. Let z be p(-1). Suppose 0 = -0*m + 4*m - z. Suppose -a = -5*c - 153, 4*a + m*c - 575 - 81 = 0. Is a composite?
False
Is 164/(-410) - (-7529391)/15 prime?
False
Let o(g) = g + 4. Let w(v) = 2*v**2 - 25*v + 8. Let r be w(12). Let a be o(r). Suppose 3*h = 2*h + 3*n + 392, a = -2*h + 4*n + 786. Is h composite?
True
Suppose -219*m - 179509 = 221*m - 451*m. Is m prime?
True
Let b be 2 - 0 - (-38)/19. Suppose -5*o = 3*v - 5976 - 16793, v + b*o - 7599 = 0. Is v a composite number?
False
Let l = -43492 - -74669. Is l a prime number?
True
Let l be (-1 + 2)*-2 + 1274 + 10. Suppose -9*m - l = -11*m. Is m a prime number?
True
Is 8329 + 1 - 3/((-5 - -14) + -6) a prime number?
True
Let z(p) = 203*p**2 + 119*p - 3119. Is z(46) a composite number?
False
Suppose -8807*f + 8840*f - 1364583 = 0. Is f prime?
True
Let a = 27 + -11. Suppose a*n - 12*n - 16 = 0. Suppose 2789 = 2*x + 3*v, -4308 = -4*x + n*v + 1300. Is x prime?
True
Suppose -2*v - 12 + 0 = 0. Let g be (-2)/v + (-6)/(-9) + -1. Suppose g = 3*k + 4*o - 1490, -k + 498 = o - 0*o. Is k composite?
True
Let s = 28323 - 12974. Is s prime?
True
Suppose 2*i - 15 = b - 4, 0 = -b - 5. Suppose c - 14287 = p, 5*c + 7*p = i*p + 71435. Suppose 5*a - c = -5*r + 2*r, 4*r + a = 19072. Is r composite?
True
Is 1389481/11 + 567/(-231) + 3 a composite number?
False
Suppose -21035 = -w - u, 106323 = 5*w - 5*u + 1128. Is w prime?
False
Let b(z) = z**3 + 5*z**2 - 14*z + 6. Let n be b(-7). Suppose 3*w - n*c + 3*c = 798, -3*c + 262 = w. Suppose 17*g = 12*g + w. Is g composite?
False
Let b(g) = 201*g**3 + 12*g**2 - 83*g + 525. Is b(8) prime?
False
Let g be 17 + 1 + 1/1. Let x(w) = 2*w**2 + 24*w - 21. Is x(g) a composite number?
True
Let k(u) = 64*u**3 + 7*u**2 - 2*u + 8. Let d(b) = 127*b**3 + 15*b**2 - 4*b + 14. Let n(s) = 4*d(s) - 7*k(s). Is n(5) a composite number?
True
Suppose 14278 = -5*m - 4342. Let w = m + 6773. Is w prime?
True
Let o(f) = -5*f**2 + 4*f - 2. Let h(a) = -a**3 - a**2 - 1. Let w(z) = -h(z) + o(z). Let m be w(3). Is 2 - (m - 255 - -2) a prime number?
False
Let c = -98 + 106. Let u(i) = i + 1. Let x(b) = -68*b - 26. Let z(t) = -3*u(t) - x(t). Is z(c) a composite number?
True
Let l(h) = -53*h + 3. Let g be l(-1). Let t = g + -41. Is ((-11080)/6 + (-5)/t)/(-1) prime?
True
Is -144851*((-1)/3)/((-3)/(-9)) prime?
False
Let t be -2*6/12 - -23. Is ((-11914)/t)/(-1) - (-798)/(-1463) a composite number?
False
Suppose 214*j - 224*j = -268420. Is j a composite number?
True
Let w be (-2)/4 + (-84090)/(-4) + -1. Suppose 0 = 5*g + w + 6029. Is g/(0 - -2)*-1 a prime number?
False
Suppose 0 = -22*c + 14*c - 27*c + 8100890. Is c prime?
False
Let f(u) = -444*u**2 - 12*u + 6. Let y(n) = -444*n**2 - 12*n + 5. Let i(l) = -6*f(l) + 5*y(l). Is i(1) a prime number?
False
Suppose 4*d - w - 246 - 1764 = 0, 0 = -2*d - 3*w + 1012. Is d prime?
True
Let m(r) be the first derivative of -7*r**4/4 + 4*r**3 - 14*r**2 - 15*r + 53. Is m(-8) a prime number?
True
Suppose 2*w - 8 + 2 = 0, -5*w + 15 = -4*q. Suppose q = -8*o + 13*o - 15. Suppose 0 = -5*r + 20, -4*t - o*r + 2008 = 2*r. Is t composite?
True
Suppose 0 = -2*j - 14, 847*j = 4*l + 852*j - 1354713. Is l composite?
False
Suppose -r - 28853 = 5*l - 80224, -154177 = -3*r + l. Is r a composite number?
True
Let u be (9 + -6 - 3186)*(-4)/(-6). Let r = u - -3759. Is r prime?
True
Suppose -21*c - 1386 = 15435. Let d = 4168 - c. Is d a prime number?
True
Let a(i) be the first derivative of -235*i**2/2 - 98*i + 87. Is a(-27) prime?
True
Suppose q + 3*h - 1 = 0, h + 1 = 2*q - 8. Suppose -q*u = 2*u - 414. Is u a composite number?
True
Suppose -4*i + 106594 + 410166 = 3*x, 3*i - 6*x - 387537 = 0. Is i a composite number?
False
Suppose -24*o - 22*o + 965431 = 67097. Is o a composite number?
True
Suppose 15 - 36 = 7*r, 0 = 2*v + r - 505259. Is v prime?
False
Suppose -28*r = 30*r - 26545846. Is r composite?
False
Suppose -2*w = 3*p - 1595 - 3404, -4*p + 6650 = -5*w. Let k = p - 698. Is k prime?
True
Suppose -9*c - 127 + 19 = 0. Is (0 - 404/c)*15 a composite number?
True
Let i = 9197 + -5436. Is i prime?
True
Suppose -5*i = -7*h + 5*h + 5539, 3*h - 8276 = i. Is h a prime number?
False
Suppose -b + 4*g + 61 = -145, 0 = 5*g + 5. Let s = b + -69. Is s composite?
True
Let b(g) = -g**3 - 25*g**2 - 331*g - 8. Is b(-65) prime?
True
Let r = 78 - 75. Suppose -r*t - 3*c + 5*c = 4, -t + 4*c - 8 = 0. Suppose -i + t*i + 335 = 0. Is i prime?
False
Suppose 5*t - 5 = -10. Let m(l) = 29*l**2 - l + 1. Let f be m(t). Suppose f*a - 354 = 28*a. Is a prime?
False
Let g(j) = 129*j**2 + 44*j - 522. Is g(41) prime?
True
Let k be (67 - 65)/((-1)/(3086/4)). Let j = k + 3108. Is j prime?
False
Suppose r - 15510 = f, 3*f = -5*r + 43119 + 34423. Suppose 3*m = 6*s - 2*s + 15511, -r = -3*m + 5*s. Is m composite?
True
Suppose -141802 = -3*t + 6*l - 5*l, -5*t + 236365 = 4*l. Is t a composite number?
False
Suppose 367*l = 369*l - a - 148948, a = 3*l - 223421. Is l a prime number?
False
Let n(t) = -t**3 + 8*t**2 - 9*t + 17. Let b be (-1)/(25/70 + 2/(-4)). Let m be n(b). Suppose 0 = 2*k + m*k - 230. Is k prime?
False
Let k(m) = -m**3 + 4*m**2 - 6*m + 8. Let y be k(3). Let v be ((-1335)/30)/(y/26). Let a = -584 + v. Is a a composite number?
True
Let p(f) = f + 11 + 11*f + 92*f**2 + 111 + 55 + 12. Is p(-8) a prime number?
True
Let n = -5350 + 7658. Let u = n + 3423. Is u prime?
False
Let h = -53 + 58. Suppose h*z - 46 = -26. Let r(f) = 3*f**2 - 5*f - 9. Is r(z) a prime number?
True
Let z = 508 - -604. Suppose 1110 = 2*v - z. Is v a composite number?
True
Let a = -10870 - -30441. Is a a prime number?
True
Suppose -4*u + 364 = 5*k, -12 = -8*k + 5*k. Suppose 5*a + u = 11311. Is a composite?
True
Suppose 0 = 5*p - 5, 4*p = -g - 73 + 834. Is g a composite number?
False
Let 